- j) composite?
False
Let q be (16/6)/(6/9). Suppose 497 = x + 2*x + q*p, -5*x + 811 = -2*p. Is x a prime number?
True
Let b = -12 - -14. Is b/8 - (-1228)/16 prime?
False
Is (-3 - -2)*2378/(-2) a composite number?
True
Let n = 73 - 51. Suppose 3*g - 2 - n = 0. Let t(j) = j**2 + 5*j - 9. Is t(g) a prime number?
False
Suppose m = -m - 2. Let y(k) = -8*k - 3. Let o(z) = -z - 1. Let h(f) = m*y(f) + 2*o(f). Is h(1) composite?
False
Let q(x) = x**3 + 5*x**2 + 3*x - 3. Let l be q(-4). Is (0 + -76)/(-3 + l) composite?
True
Let m be (-10)/(-25) + (-13)/(-5). Suppose m*w = -6*l + l + 42, -5*l - 5*w = -40. Let d(z) = -z**3 + 9*z**2 + 6*z - 1. Is d(l) composite?
False
Let d(t) be the third derivative of t**4/24 + 91*t**3/6 - t**2. Is d(0) a composite number?
True
Is (0 - 673)/(12 + -13) prime?
True
Suppose 0*z = 2*z - 8. Suppose -841 = -z*r - 3*v, -5*v + 183 - 1243 = -5*r. Is r composite?
False
Suppose -4*x + 2*y + 18 = 0, -5*y + 9 = -5*x + 24. Is 156/x - (-1 - -2) a prime number?
False
Is (19/(-19))/((-2)/526) a composite number?
False
Let f = -7 + 7. Let c = f + -6. Is c/9 + (-485)/(-3) a prime number?
False
Suppose -5*j - 335 = -885. Let h = j + -57. Is h prime?
True
Let f be ((-9)/6)/((-1)/4). Suppose -5*r = -f - 9. Suppose 18 + r = u. Is u a prime number?
False
Let o = -318 - -765. Suppose -2*r + 331 = -o. Is r composite?
False
Let c = 6 - 17. Let o = -2 - c. Suppose 5*i + o = 134. Is i a composite number?
True
Is 0 + 3483 + 4 - -4 a composite number?
False
Let r = 430 - -641. Suppose 0 = -2*o - o + 3*q + r, 2*o = q + 719. Suppose 0*v + o = 4*c + 2*v, v - 270 = -3*c. Is c composite?
False
Is (-1 - -774) + (-1 - 3) prime?
True
Let a(s) = s**3 - 6*s**2 - 6*s - 2. Let y be a(7). Suppose -7*k + y = -2*k - 2*t, 0 = -2*k + t + 1. Suppose -p = q - 3*p - 32, -4*p = k*q - 126. Is q prime?
False
Let g = -189 - -448. Is g prime?
False
Suppose 0*v - 1962 = -3*t + 3*v, -3*v = -t + 656. Is t a prime number?
True
Let o(g) = 35*g**2 + 19*g + 15. Is o(-7) a prime number?
True
Suppose 3 = -2*q - 13. Let i be (q/5)/(4/(-60)). Suppose 2*g - 5*b - 37 = 0, -g - 3*b = 2*g - i. Is g composite?
False
Let h = -2 + 6. Suppose -h*b - 444 = -k, 3*k + b + 499 = 1779. Let v = k + -205. Is v prime?
True
Let g be (-2)/6 + 584/(-12). Suppose s + 3*s = 2*b - 204, 0 = 3*b - 3*s - 300. Let u = g + b. Is u a composite number?
True
Let g(a) = -a**2 - 8*a - 3. Let p be g(-8). Let o(q) be the third derivative of -5*q**4/12 + q**3/2 + q**2. Is o(p) a prime number?
False
Let v = 603 - 409. Is v a composite number?
True
Let c(w) = -w**3 - 7*w**2 + w - 2. Let y be c(-8). Let i = 85 - y. Is i a composite number?
False
Let p(h) = 52*h - 1. Let r(i) = i**2 + 2*i + 1. Suppose s + 2*s = -6. Let c be r(s). Is p(c) a prime number?
False
Suppose -v + 717 = -f, -2*f + 7*f + 4*v + 3621 = 0. Let n = -314 - f. Is n prime?
False
Let u = 63 + -132. Let s be (0 - 2/1) + -42. Let y = s - u. Is y a prime number?
False
Let i = 19 + -28. Let x(g) = -71*g + 2. Is x(i) a prime number?
True
Let c = -728 - -234. Is (-12)/(-18) - c/6 composite?
False
Let w(b) = -b + 7. Let x be w(3). Suppose 0 = x*n + 1287 + 481. Is n/(-8) - (-2)/(-8) a composite number?
True
Let a = 90 + 537. Suppose -2*w = w - a. Is w a composite number?
True
Is 11209/7 - (-14)/(-49) a prime number?
True
Let x(o) = 2*o**2 - 6*o + 9. Is x(-11) a composite number?
False
Let o = -1 + 1. Suppose 7*c - 2*c = o. Suppose m - 4*y = -c*y + 41, -35 = -m - 2*y. Is m a composite number?
False
Let y(d) = 5*d + 10. Let r be y(-11). Is (236/(-10))/(18/r) composite?
False
Suppose 3*g + g - 6 = -3*q, 5*g - 5 = -5*q. Is 22 - (2 - g/1) a composite number?
False
Suppose 3*l - 48 = 5*s, 18 = 5*s - 5*l + 68. Let n(w) = w**3 + 9*w**2 - 10*w - 1. Is n(s) a prime number?
True
Let d(s) = -11*s + 10. Let h(n) = -n**2 + 3*n + 3. Let v be h(5). Let a(i) = 4*i - 3. Let r(o) = v*a(o) - 2*d(o). Is r(-3) a prime number?
True
Let h(g) = -g**2 + 7*g + 5. Let i be h(7). Suppose -69 = -i*a + 121. Is a prime?
False
Suppose -269 - 72 = -o. Is o composite?
True
Let d(t) = 8*t + 7. Let b be d(-12). Let a = b + 570. Is a a prime number?
False
Suppose 5*j + 121 = 4*d, -2*d = 3*j - 5 - 72. Is d composite?
True
Is (6/(-12))/((-1)/178) composite?
False
Let f be 2/(3/3 + 1). Let a be 72 + 2 + -2 + f. Suppose i = 4*v - 338 + 8, -a = -v + 5*i. Is v a prime number?
True
Let w = -2584 + 4997. Is w prime?
False
Suppose -2*v + 14 = i + 4*i, 4*v + 5*i = 8. Let p(w) = -w**2 - 3*w + 1. Let l be p(v). Is l/(8/66)*4 a composite number?
True
Let h = 56 - 25. Is h a prime number?
True
Let r(u) = 13*u**3 - u**2 - u + 11. Is r(6) prime?
True
Suppose -52 = l - 2*q - 227, 0 = -2*l + 5*q + 355. Suppose w - 28 = 60. Let c = l - w. Is c composite?
True
Let k be (118/3)/((-2)/9). Let p = k + 304. Is p prime?
True
Is 2/(-4)*-4036 + (2 - 1) prime?
False
Let u(z) = -z + 2. Let m be u(-6). Is 2/m - (-2289)/12 a composite number?
False
Let v = -4 + 7. Suppose 5*k - 17 = v. Suppose 0 = k*y - 20, 1 = -5*d + y + 11. Is d prime?
True
Suppose 3*s = 3*p + 2*p - 67, -p = -3*s - 83. Let v = s - -53. Suppose 3*x = -0*x - 3*f + 66, v = x + 3*f. Is x a composite number?
True
Let a(h) = 6*h - 14. Let m(g) = 10*g**2. Let s be m(1). Is a(s) prime?
False
Let z be (6 + -9)*(0 - 1). Suppose -2*n - 6 = -z*n. Suppose -4*k + 154 - n = 0. Is k a composite number?
False
Let p(f) = -f**2 + 1. Let r(v) = -v**3 - 3*v**2 + 7. Let m(q) = 3*p(q) + r(q). Is m(-7) prime?
True
Let v = 1313 + -750. Is v prime?
True
Let r = -2284 - -5051. Is r prime?
True
Suppose 0 = -3*a - 4*l + 240 + 80, 4*a + 3*l = 415. Let s = a + -65. Is s prime?
False
Suppose 7 = -o - m + 2, 0 = -3*o + m + 5. Suppose 0 = -o*s + 5*s - 25. Suppose 450 = q + 2*q + s*h, -5*q = 5*h - 740. Is q a composite number?
True
Let n = -274 + 533. Is n prime?
False
Suppose 0*z = 5*z + 5, b - z = 11. Let g = b + -14. Is 267/4 - 1/g composite?
False
Let v(z) = 38*z - 5. Let t be v(-4). Let k = -90 - t. Is k composite?
False
Let c = 14 + -9. Suppose -10 = -2*g, 51 = 2*r + c*g + 4. Let v(y) = -y**2 + 13*y - 15. Is v(r) a prime number?
True
Suppose 0 = n - 2*r + 6*r - 549, -1681 = -3*n + 5*r. Is n a composite number?
False
Let p be (-7 + 5)*5/(-2). Suppose q - p*q + 348 = 0. Is q composite?
True
Let v(b) = -22*b - 19. Is v(-8) prime?
True
Let f be -1 + 4 + 1*2. Suppose -2*w + 3 = -l - 7, f*l + 20 = 5*w. Is ((-20)/w)/(6/(-63)) prime?
False
Let w be (-6)/(-9) - (-20)/6. Let p = -4 + w. Suppose p = -3*a - 4*j + 305, 4*j - 79 - 321 = -4*a. Is a a prime number?
False
Suppose -5*r + 1534 = 479. Is r a prime number?
True
Let r be 5 + 2/(-1 - 1). Suppose 4*w - 141 = -v, 3*w - 475 = -3*v + r*w. Is v a composite number?
False
Is (-1)/((-2670)/(-5348) - (-2)/(-4)) a composite number?
True
Suppose 0 = -g - 4 + 21. Suppose 0 = o - 55 + g. Is o composite?
True
Let g be (3*1)/(21/28). Suppose g*j - 2*j = 4. Suppose -j*b - c - c = -322, 0 = -3*b - c + 475. Is b a composite number?
False
Let g be 99/(-1)*(2 - 3). Is 18/g + (-5122)/(-22) a composite number?
False
Let v(m) = -m**2 + m + 4. Let k be v(0). Suppose -526 = 3*l + 2*t, -4*l - 3*t - 578 - 122 = 0. Is (-2)/(k/l*1) prime?
True
Let t(u) = -u**2 - u + 4. Let m be t(0). Let k(s) = 109*s - 5. Is k(m) a prime number?
True
Let l = -5 - -7. Suppose n = 2 + l. Suppose -n*y - y + 325 = 0. Is y a composite number?
True
Let g(n) = 43*n**3 + n**2. Let y be g(1). Let f = -30 + y. Let x = f - 8. Is x a prime number?
False
Let p(d) = 7*d + 5. Let x be (-6)/(-4)*(-1 - -5). Is p(x) composite?
False
Suppose 0*b + 217 = 3*b - 4*f, -367 = -5*b + 4*f. Let h = b - 44. Is h a prime number?
True
Let p = 6 - 7. Is (2 - p) + 34 - 2 a prime number?
False
Suppose 0 = 2*w - 2*l, 4*l - 32 = -3*w - l. Suppose 0*s - 432 = w*s. Let z = -71 - s. Is z prime?
True
Let g(y) = -2*y + 7. Let m be 6/(-9)*(-21)/(-2). Is g(m) prime?
False
Suppose -2*f - 9 = 3*w, -w = 2*f - 6*f + 3. Suppose f*p + 5*p = 1055. Is p composite?
False
Let o = 19 - 15. Is (3 + 1)*415/o a composite number?
True
Let d = -1825 - -2784. Is d a composite number?
True
Let l(h) be the second derivative of h**3 + h. Is l(1) prime?
False
Let y be ((-95)/10)/(2/(-12)). Let r = 44 + -24. Let u = y - r. Is u prime?
True
Let j(p) be the second derivative of -p**5/20 - 11*p**4/12 - 11*p**3/6 - 5*p**2 - p. Let z be j(-10). Suppose -4*y